{"id":90,"date":"2013-05-08T11:33:36","date_gmt":"2013-05-08T09:33:36","guid":{"rendered":"http:\/\/eduok.pl\/index.php\/?page_id=90"},"modified":"2013-05-08T11:33:36","modified_gmt":"2013-05-08T09:33:36","slug":"kurs-trenerski-t4t-prowadzenie-zajec-metodami-aktywizujacymi","status":"publish","type":"page","link":"https:\/\/eduok.pl\/index.php\/kurs-trenerski-t4t-prowadzenie-zajec-metodami-aktywizujacymi\/","title":{"rendered":"Kurs trenerski (T4T)  \u2013 prowadzenie zaj\u0119\u0107 metodami aktywizuj\u0105cymi"},"content":{"rendered":"<p style=\"text-align: left;\" align=\"center\"><strong style=\"font-size: 1em; line-height: 1.25em;\">Cele szkolenia:<\/strong><\/p>\n<ul>\n<li>przygotowanie uczestniczek i uczestnik\u00f3w do zaplanowania, przygotowania, realizacji i ewaluacji warsztat\u00f3w;<\/li>\n<li>poszerzenie wiedzy o najistotniejszych procesach zachodz\u0105cych podczas przyswajania wiedzy przez osoby uczestnicz\u0105ce w zaj\u0119ciach;<\/li>\n<li>uporz\u0105dkowanie wiedzy w zakresie tworzenia struktury logicznej zwi\u0105zanej z organizacj\u0105 i prowadzeniem szkolenia;<\/li>\n<li>profesjonalizacja umiej\u0119tno\u015bci organizacji pracy trenerki\/ trenera;<\/li>\n<li>wyposa\u017canie uczestniczek i uczestnik\u00f3w w umiej\u0119tno\u015bci \u015bwiadomego (w zale\u017cno\u015bci od potrzeb, sytuacji) wykorzystania r\u00f3\u017cnych technik i metod aktywizuj\u0105cych;<\/li>\n<li>ocena w\u0142asnej pracy, umiej\u0119tno\u015b\u0107 autoewaluacji, podsumowania przeprowadzonych zaj\u0119\u0107;<\/li>\n<li>przygotowanie do elastycznego radzenia sobie i rozwi\u0105zywania problem\u00f3w pojawiaj\u0105cych si\u0119 podczas zaj\u0119\u0107;<\/li>\n<li>kszta\u0142towanie umiej\u0119tno\u015bci prze\u0142o\u017cenia wiedzy merytorycznej (teoretycznej) na tre\u015bci kszta\u0142cenia: zaprojektowanie szkolenia.<\/li>\n<\/ul>\n<p><strong style=\"font-size: 1em; line-height: 1.25em;\">Adresaci:<\/strong><\/p>\n<p>Osoby prowadz\u0105ce r\u00f3\u017cne formy edukacji lub zamierzaj\u0105ce zajmowa\u0107 si\u0119 tak\u0105 dzia\u0142alno\u015bci\u0105.<\/p>\n<p><strong style=\"font-size: 1em; line-height: 1.25em;\">Korzy\u015bci dla uczestnika:<\/strong><\/p>\n<p>Nabycie i\/lub doskonalenie umiej\u0119tno\u015bci zwi\u0105zanych z organizacj\u0105, realizacj\u0105, ewaluacj\u0105 procesu edukacji. Rozw\u00f3j kompetencji w przedmiotowym zakresie.<\/p>\n<p><strong style=\"font-size: 1em; line-height: 1.25em;\">Korzy\u015bci dla podmiotu kieruj\u0105cego:<\/strong><\/p>\n<p>Efektywniejsze szkolenia.<\/p>\n<p><strong style=\"font-size: 1em; line-height: 1.25em;\">Metody szkolenia:<\/strong><\/p>\n<p>Zaj\u0119cia realizowane w formie warsztatu z wykorzystaniem metod aktywizuj\u0105cych, etiudy trenerskie, metoda VIT, superwizja (na \u017cyczenie).<\/p>\n<p><strong style=\"font-size: 1em; line-height: 1.25em;\">Poruszane zagadnienia:<\/strong><\/p>\n<p>Identyfikacja potrzeb szkoleniowych, projektowanie, prowadzenie, ewaluacja szkole\u0144.<\/p>\n<p><strong style=\"font-size: 1em; line-height: 1.25em;\">Czas trwania:<\/strong><\/p>\n<p>72 godz. dydaktycznych, optymalnie w blokach po 24 godz. (3 dni x 8 godz.)<\/p>\n<p><span style=\"font-size: 1em; line-height: 1.25em;\">Je\u015bli jeste\u015b zainteresowany tym kursem lub masz pytania, prosimy o kontakt z nami: <\/span><a style=\"font-size: 1em; line-height: 1.25em;\" href=\"mailto:eduok@eduok.pl\">eduok@eduok.pl<\/a><\/p>\n<p>&nbsp;<\/p>\n<p>&nbsp;<\/p>\n","protected":false},"excerpt":{"rendered":"<p>Cele szkolenia: przygotowanie uczestniczek i uczestnik\u00f3w do zaplanowania, przygotowania, realizacji i ewaluacji warsztat\u00f3w; poszerzenie wiedzy o najistotniejszych procesach zachodz\u0105cych podczas przyswajania wiedzy przez osoby uczestnicz\u0105ce w zaj\u0119ciach; uporz\u0105dkowanie wiedzy w zakresie tworzenia struktury logicznej zwi\u0105zanej z organizacj\u0105 i prowadzeniem szkolenia; profesjonalizacja umiej\u0119tno\u015bci organizacji pracy trenerki\/ trenera; wyposa\u017canie uczestniczek i uczestnik\u00f3w w umiej\u0119tno\u015bci \u015bwiadomego (w zale\u017cno\u015bci [&hellip;]<\/p>\n","protected":false},"author":1,"featured_media":0,"parent":0,"menu_order":0,"comment_status":"open","ping_status":"open","template":"","meta":{"footnotes":""},"class_list":["post-90","page","type-page","status-publish","hentry"],"_links":{"self":[{"href":"https:\/\/eduok.pl\/index.php\/wp-json\/wp\/v2\/pages\/90","targetHints":{"allow":["GET"]}}],"collection":[{"href":"https:\/\/eduok.pl\/index.php\/wp-json\/wp\/v2\/pages"}],"about":[{"href":"https:\/\/eduok.pl\/index.php\/wp-json\/wp\/v2\/types\/page"}],"author":[{"embeddable":true,"href":"https:\/\/eduok.pl\/index.php\/wp-json\/wp\/v2\/users\/1"}],"replies":[{"embeddable":true,"href":"https:\/\/eduok.pl\/index.php\/wp-json\/wp\/v2\/comments?post=90"}],"version-history":[{"count":1,"href":"https:\/\/eduok.pl\/index.php\/wp-json\/wp\/v2\/pages\/90\/revisions"}],"predecessor-version":[{"id":91,"href":"https:\/\/eduok.pl\/index.php\/wp-json\/wp\/v2\/pages\/90\/revisions\/91"}],"wp:attachment":[{"href":"https:\/\/eduok.pl\/index.php\/wp-json\/wp\/v2\/media?parent=90"}],"curies":[{"name":"wp","href":"https:\/\/api.w.org\/{rel}","templated":true}]}}